Is 18488075371 prime?
True
Is 2534202283 a composite number?
True
Is 2399635687 a composite number?
True
Is 57353705 composite?
True
Is 942530177 composite?
False
Is 384604139 prime?
True
Is 11148547637 a prime number?
True
Is 15327148729 a prime number?
False
Is 255114737 composite?
False
Is 132949416543 prime?
False
Is 200899643 composite?
True
Is 19479145593 a prime number?
False
Is 3742098449 composite?
False
Is 1957032371 a composite number?
True
Is 29484387241 prime?
True
Is 749159209 composite?
False
Is 2257641131 a prime number?
False
Is 524486323 prime?
True
Is 681607973 prime?
True
Is 3523187791 a composite number?
False
Is 11548431197 composite?
True
Is 2397322077 a composite number?
True
Is 75599255617 a composite number?
False
Is 11386659943 composite?
True
Is 612963882717 composite?
True
Is 337873687 a composite number?
False
Is 69076136429 a prime number?
True
Is 1641660091 prime?
False
Is 8626222447 a composite number?
False
Is 327054281 a composite number?
False
Is 89306240365 a composite number?
True
Is 385221589 composite?
False
Is 2722713361 a composite number?
False
Is 56429534719 composite?
False
Is 98799649329 a prime number?
False
Is 5240337943 prime?
False
Is 685967747 a prime number?
True
Is 2685275071 prime?
False
Is 542308147 composite?
True
Is 62535640187 a prime number?
True
Is 255088903 a composite number?
False
Is 16546601417 a prime number?
True
Is 52074908663 a composite number?
False
Is 40024497887 a composite number?
True
Is 191750435 a prime number?
False
Is 664918342903 a prime number?
True
Is 650903239 a prime number?
False
Is 234260992421 composite?
False
Is 10654511347 composite?
True
Is 22931296813 a prime number?
True
Is 76432703653 a composite number?
True
Is 13641063769 prime?
True
Is 20238339403 composite?
True
Is 84362677 a composite number?
True
Is 4309534507 a composite number?
False
Is 18821093491 prime?
True
Is 936915319 composite?
True
Is 206630753347 a prime number?
False
Is 63682970671 a prime number?
False
Is 1353456199 prime?
False
Is 22283474435 a composite number?
True
Is 5344945201 a prime number?
False
Is 62856287047 a prime number?
False
Is 1511366459 composite?
True
Is 26099798513 prime?
True
Is 96321556769 composite?
True
Is 293641151 prime?
False
Is 515118889 a composite number?
False
Is 1113205787 composite?
False
Is 29146806739 a composite number?
False
Is 20140254887 prime?
True
Is 16528040021 prime?
True
Is 33345460409 a prime number?
True
Is 61450327537 a prime number?
False
Is 4771515181 prime?
False
Is 927471535 prime?
False
Is 1652816549 a prime number?
True
Is 3457266287 a prime number?
True
Is 615909589 composite?
False
Is 7484376307 composite?
False
Is 1272611317 a prime number?
False
Is 80837683 composite?
True
Is 2892818869 prime?
False
Is 2684666269 prime?
False
Is 233961896683 composite?
False
Is 66895007665 prime?
False
Is 2941111841 prime?
True
Is 288914177 a composite number?
False
Is 194030609 composite?
False
Is 302238729301 a prime number?
True
Is 8944612399 composite?
True
Is 182775317 composite?
False
Is 13499166347 composite?
False
Is 55216700683 prime?
False
Is 4133906753 a prime number?
True
Is 1146403121 a composite number?
False
Is 2088092299 a prime number?
False
Is 3297693491 a prime number?
False
Is 984070921 a composite number?
False
Is 21242796181 prime?
False
Is 23652386321 prime?
True
Is 29920791629 a composite number?
False
Is 3195569293 a composite number?
True
Is 106236623 a composite number?
True
Is 2320353311 composite?
True
Is 235838167 a composite number?
True
Is 90005393 composite?
False
Is 481677511 a prime number?
False
Is 196800209 a prime number?
True
Is 768883 composite?
True
Is 13285341681 a prime number?
False
Is 9616769138 prime?
False
Is 483734939 composite?
False
Is 5021971421 composite?
False
Is 10963273 prime?
True
Is 142185971 composite?
True
Is 84995207789 composite?
True
Is 483241159 a prime number?
True
Is 1009790211 a composite number?
True
Is 94750973429 a prime number?
False
Is 839781619 composite?
True
Is 7359624073 prime?
False
Is 968310943 prime?
True
Is 18954522857 composite?
False
Is 16642157167 a composite number?
True
Is 834613537 a prime number?
True
Is 11523068021 a prime number?
True
Is 28665013021 composite?
False
Is 57727039 composite?
False
Is 1838585701 prime?
False
Is 22485328973 prime?
False
Is 1895347813 composite?
False
Is 3633695803 a composite number?
True
Is 2052644921 composite?
False
Is 687479543 composite?
False
Is 634157831 composite?
True
Is 7482339673 a prime number?
True
Is 9312212863 a composite number?
True
Is 1442090687 composite?
True
Is 129573341 a prime number?
False
Is 283645450373 a composite number?
True
Is 632477171 composite?
True
Is 527258701 a prime number?
False
Is 1550996089 a composite number?
False
Is 6083686547 prime?
True
Is 1626732179 composite?
True
Is 489775723 a prime number?
True
Is 18198053 composite?
False
Is 14908444657 prime?
True
Is 2209908691 composite?
False
Is 224029363 composite?
False
Is 7429793153 composite?
False
Is 400550147 a prime number?
False
Is 21795549199 a composite number?
False
Is 9568140337 a composite number?
True
Is 5832404117 a composite number?
False
Is 6697344293 prime?
False
Is 579715729 composite?
True
Is 55928188289 composite?
False
Is 305381498315 a composite number?
True
Is 15121786847 a prime number?
True
Is 45112295257 prime?
True
Is 2094342433 composite?
True
Is 383402797 composite?
True
Is 21905452859 prime?
True
Is 2387571311 prime?
True
Is 638931659 prime?
False
Is 292160813531 a composite number?
True
Is 429074927 prime?
False
Is 43115663429 prime?
False
Is 611357933 a prime number?
True
Is 2414116457 a composite number?
True
Is 9997656793 a prime number?
False
Is 2092312253 composite?
False
Is 94333001 prime?
False
Is 7630887497 prime?
True
Is 6261307693 a composite number?
True
Is 1481507507 a composite number?
True
Is 729442123 composite?
False
Is 201220391 prime?
True
Is 59220705989 composite?
True
Is 4077114971 composite?
False
Is 1235804087 prime?
False
Is 2215403279 prime?
True
Is 25222728287 prime?
False
Is 193281841 prime?
False
Is 3527712289 a prime number?
False
Is 16636955341 composite?
True
Is 712023547 a composite number?
True
Is 1754245741 composite?
False
Is 1923410233 a composite number?
False
Is 40592859667 a prime number?
False
Is 1873404411 composite?
True
Is 3000283631 composite?
True
Is 2274893417 a prime number?
True
Is 235244807 composite?
True
Is 20006177993 a composite number?
True
Is 3242468741 a prime number?
True
Is 609630613 a composite number?
False
Is 369671597 composite?
False
Is 11301786619 composite?
True
Is 3014276806 prime?
False
Is 514500997 a composite number?
False
Is 18573585181 a composite number?
False
Is 918250379 composite?
True
Is 3991700399 composite?
True
Is 16572346871 a prime number?
True
Is 889466889 a prime number?
False
Is 7189270741 composite?
False
Is 912236431 composite?
False
Is 80183434231 composite?
True
Is 22877391367 a composite number?
False
Is 3999958553 a composite number?
False
Is 964348661 composite?
False
Is 7410950759 a prime number?
True
Is 11297646517 prime?
True
Is 507335821 prime?
False
Is 30103134479 a composite number?
True
Is 128541053 a composite number?
False
Is 5214456797 a composite number?
True
Is 1960491994 a prime number?
False
Is 2623269191 prime?
True
Is 489974249 prime?
True
Is 2401274591 prime?
True
Is 45721361219 prime?
True
Is 537355289 prime?
True
Is 2206431089 a composite number?
True
Is 39487393177 composite?
False
Is 642291953 a composite number?
False
Is 10812450379 composite?
False
Is 149681723 composite?
True
Is 3859796587 prime?
True
Is 1901103283 composite?
False
Is 7635951853 composite?
False
Is 20178788561 prime?
True
Is 7707068465 a composite number?
True
Is 178264700117 prime?
False
Is 621895181 a prime number?
False
Is 1551753211 prime?
True
Is 251119707689 composite?
True
Is 182402712907 composite?
False
Is 36017156429 a composite number?
True
Is 19536337069 prime?
True
Is 4937603635 a prime number?
False
Is 153348479 a composite number?
False
Is 6840732653 composite?
False
Is 7548346019 composite?
True
Is 5706618553 composite?
False
Is 7029488189 composite?
True
Is 23230971757 composite?
True
Is 5148465909 prime?
False
Is 